 What is the remainder when 141 is divided by b(6)?
6
Suppose n - 4*n + 2*w + 29 = 0, 4*w = -n + 19. Suppose -n*z + 14*z = -4*h + 89, -5*z = 3*h - 130. Calculate the remainder when 182 is divided by z.
21
Let z(y) = y**2 + 5*y. Let u be z(-5). Suppose -3*h = -u*h - 114. Let n = 33 - 19. What is the remainder when h is divided by n?
10
Let p(z) = 2*z**3 - 65*z**2 - 15*z - 491. Calculate the remainder when 4424 is divided by p(33).
98
Suppose -2*y = 4*v + 3*y - 1060, -5*v = -2*y - 1391. What is the remainder when v is divided by 158?
117
Suppose -21*q - 2*q + 1100 = -q. What is the remainder when 171 is divided by q?
21
What is the remainder when (2*(-12)/8)/((-6)/16) is divided by ((-4)/(-6))/((-3)/72*-4)?
0
Suppose -879 = -2*y - 3*q, 23*y = 18*y + 4*q + 2278. Calculate the remainder when y is divided by 49.
9
Suppose 55*t + 108 = 67*t. Calculate the remainder when 26/(-39) - (-492)/t is divided by 28.
26
Let z(k) = 3*k**3 + 179*k**2 - 62*k - 25. Calculate the remainder when 1137 is divided by z(-60).
92
Let k = 177 + -174. What is the remainder when k/1 + 528/16 is divided by 24?
12
What is the remainder when (-348)/(-30)*(-15)/12*(-10 + -4) is divided by 51?
50
Suppose 378 = 7*n - 0*n. Suppose -84 = 2*x + n. Let k = x + 73. Calculate the remainder when 18 is divided by k.
2
Suppose -5*y + 434 = 5*o - 2*o, -2*o + 311 = -y. Calculate the remainder when 214 is divided by o.
61
Let l(a) = 13*a + 267. Suppose -146*v + 142*v = -2112. Calculate the remainder when v is divided by l(-16).
56
Suppose -122*s + 4089 = -8843. What is the remainder when 180 is divided by s?
74
Let o(t) = -2*t**3 - 18*t**2 + 17*t - 9. Let j be o(-10). Suppose -j*p = -24*p + 117. Calculate the remainder when p is divided by 16.
7
Let a = 28 + -13. Let r = 525 + -518. Calculate the remainder when a is divided by r.
1
Let n(o) = o + 17. What is the remainder when 1 + (-1)/(-3)*(-1 - -238) is divided by n(-3)?
10
Suppose -105 = -0*b - 5*b. Let s(o) = -22*o - 13. Let t be s(0). Let x = t + b. What is the remainder when 15 is divided by x?
7
Suppose 5*o = -5*s + 50, -6*s + 8*s = -3*o + 35. Suppose 5*k - 130 = 80. Suppose 0 = g - 0*g - k. What is the remainder when g is divided by o?
12
Let t be (2/(-6))/(1/(-36)). Suppose t = -85*u + 87*u. Suppose 2*y = -3*i + 8, 5*y - u*y + 2*i + 18 = 0. What is the remainder when y is divided by 4?
2
What is the remainder when (((-6)/(-9))/2)/(3/11043) is divided by 306?
3
Suppose 13*f = -0*f + 13. Let l(b) = 16*b**2 + 4*b - 3. Calculate the remainder when 1/(1/11)*3 is divided by l(f).
16
Let h = 215 - 213. Suppose 2*m + h*v = 10 + 18, 2*m - 5*v = 42. What is the remainder when 29 is divided by m?
13
Let f(o) = -o**2 - 10*o + 50. Let u be f(10). Calculate the remainder when 248 is divided by ((-36)/(-27))/((-4)/u).
48
Let t = 1724 + -1694. What is the remainder when (36/(-8))/(3/(-78)) is divided by t?
27
Let f = 17258 + -16944. What is the remainder when f is divided by 13?
2
Suppose -2*i - 3*v = -9917, -3*v - 24719 = -78*i + 73*i. Calculate the remainder when i is divided by 11.
9
Let n(l) = -2*l**3 - 39*l**2 - 26*l - 903. Let d = 87 - 11. What is the remainder when d is divided by n(-20)?
8
Let n = -9 - -25. Suppose 2*d = -10*m + 6*m + 22, -4*d - 5*m + 59 = 0. Suppose 160 = -d*a + 1084. What is the remainder when a is divided by n?
12
Suppose 464 = 705*d - 701*d + 3*u, 4*u = -3*d + 362. Suppose 3*f = j + 10, f = -0*j + j. Calculate the remainder when d is divided by f.
0
Suppose -36 = -2*l - 12*c + 24*c, -2*c - 50 = -4*l. Let r(f) = -2*f**3 - 3*f - 1. Calculate the remainder when r(-2) is divided by l.
9
Let b(j) = -j**3 + 6*j**2 + 38*j - 53. What is the remainder when 201 is divided by b(6)?
26
Let g(v) = -101*v - 2201. What is the remainder when 2896 is divided by g(-22)?
19
Let a = -101 - 84. Let n = a - -214. What is the remainder when n is divided by 8?
5
Let l = 109 - -104. Let q = 228 - l. What is the remainder when 84 is divided by q?
9
Let i = -47 - -51. Suppose 0*j = -5*j + 2*t + 22, 0 = 2*j + i*t - 28. Let h(v) = v + 5. Calculate the remainder when h(3) is divided by j.
2
Let u(b) = 57 + 29*b - 71 - 8*b. What is the remainder when u(3) is divided by 17?
15
Suppose 22 = 5*n - 3. Suppose n + 6 = -s. Let b(a) = -a - 8. What is the remainder when 5 is divided by b(s)?
2
Let l(o) = 3*o + 127. Let j be l(-33). Suppose j*v - 16*v = 1464. Let k(a) = -a**3 + 9*a**2 - 11*a + 4. What is the remainder when v is divided by k(7)?
22
Let i = 15 - 13. Suppose -i*s - 2*s + 32 = 0. Let p = -1456 - -1475. What is the remainder when p is divided by s?
3
Let d be ((-9)/12 - -3)*40/(-3). Let w be (54/d)/((-6)/10). Suppose -w*o - 3*a + 135 = 0, 5*o - 2*a - 115 = 2*o. What is the remainder when 202 is divided by o?
38
Suppose 17*l = 7*l + 20. Suppose 2*w = 2*f - 410, -3*w + 6*w + 407 = l*f. Calculate the remainder when f is divided by 35.
33
Let m = 21572 - 20854. Calculate the remainder when m is divided by 105.
88
Let v(d) = d**2 + d + 144. Let x be v(0). Suppose -a = 6*a - 25*a - 17*a. Let c = a + x. Calculate the remainder when c is divided by 7.
4
Let w(r) = 5*r**3 + r**2 + 62*r - 292. What is the remainder when 305 is divided by w(4)?
13
Let y = -57 + 121. Suppose -400*z = -o - 399*z + 391, 1923 = 5*o - z. Calculate the remainder when o is divided by y.
63
Suppose 22*j = 16*j + 12. Let r(z) = -18 - 8*z**2 + 4*z**2 + 4*z + 5*z**2 - z**3 - j*z**2. Calculate the remainder when r(-6) is divided by 28.
26
Let h(x) = -x + 362. Suppose 0 = -5*q + v + 464, 0 = 2*q - 2*v + 7*v - 164. Calculate the remainder when h(0) is divided by q.
86
Let o = 8220 + -7988. What is the remainder when 654 is divided by o?
190
Suppose -875 = 11*w - 1095. What is the remainder when 133 is divided by w?
13
Suppose 4*l = 3*l + 5, i - 2*l + 10 = 0. Suppose -34*v + 38*v - 12 = i. Suppose v*k = 201 - 72. What is the remainder when k is divided by 11?
10
Let i be (1 - -3) + 25/1. Let z = i - 2. Calculate the remainder when (2 - -55) + -8*1/2 is divided by z.
26
What is the remainder when 382 is divided by 1 - (554/(-3) + -2) - (-67)/201?
6
Let j(q) = q**2 - 3*q - 2. Let t = 17 - 15. Suppose -u - t = 0, -x - 8*u + 12*u + 14 = 0. What is the remainder when 79 is divided by j(x)?
15
Suppose 2*y = 88 + 62. Let u = y + -59. Calculate the remainder when 69 is divided by 172/u - 3 - (-2)/8.
5
Suppose -306 - 62 = -8*n. Suppose -n + 340 = 2*t. Let l = t - 4. Calculate the remainder when l is divided by 29.
27
Let q = 32740 + -32034. Calculate the remainder when q is divided by 89.
83
Let r = 17537 + -17428. What is the remainder when 287 is divided by r?
69
Let u(j) = -229*j - 476. What is the remainder when 424 is divided by u(-3)?
2
Let v(l) = l**2 - 17*l + 48. Let f be v(15). Suppose -6*r = -f*r + 180. Let d(s) = 2*s**3 + s**2 - 7*s + 1. Calculate the remainder when d(3) is divided by r.
13
Let v(p) = 66*p + 1786. What is the remainder when 68 is divided by v(-27)?
0
Suppose -2*a = -2*k - 38, -39*a - 2*k = -44*a + 101. Let o = a + -16. Let f = -30 - -46. What is the remainder when f is divided by o?
1
Suppose -8*y + 125 = -979. Suppose -y = -10*b + 82. Calculate the remainder when 65 is divided by b.
21
Let t = -31 - -35. Suppose -11904 = t*s - 2*i, -2*i = i - 6. Calculate the remainder when s/(-30) + (-1)/6 is divided by 20.
19
Suppose -3*j = 4*m - 913, -8*m + 3*m - 279 = -j. Calculate the remainder when j is divided by 28.
19
Let o = 2735 - 2682. Let i(u) = 2*u**2 - 11*u - 1. What is the remainder when o is divided by i(7)?
13
Let z = -1600 + 1584. Suppose -50 - 190 = -4*h. Calculate the remainder when 37 is divided by (h/(-8))/(12/z).
7
Let h(k) = -k**2 - 100*k - 2317. Let j = 12 - 2. What is the remainder when h(-62) is divided by j?
9
What is the remainder when (-96)/(-624) + (1259/13 - 1) is divided by 51?
45
Let w = 7785 + -7552. What is the remainder when w is divided by 217?
16
Suppose 6*w + 35 = 47. Suppose -3*x + 1110 = 5*f, 6*f = w*f + 4*x + 888. What is the remainder when f is divided by (-3)/(6/(-64)) + 0?
30
Let n(u) = -u**3 + 7*u**2 - u - 3. Calculate the remainder when n(6) is divided by -10*(-11)/(-22)*15*(-14)/70.
12
Let u(v) = 28*v - 820. What is the remainder when 1214 is divided by u(32)?
74
Let y = 85 - 11. Suppose v - 549 = -5*p, v = 5*p + y - 615. Suppose 4